= -2 - 4. Is (-266)/21*s/4 a prime number?
True
Let b(g) = -3*g**2 + 11*g - 5 - 10*g + 5*g**2 + 4*g**2. Is b(-6) composite?
True
Let s(y) = y + 2. Let o be 0 + -3 - (-5 - -2). Is s(o) composite?
False
Is (12278/(-6))/((-44)/132) prime?
False
Let s = 240 + -163. Is s prime?
False
Let g(n) = -n**3 + 4*n**2 + 2*n + 3. Let j be g(4). Suppose 2*h = 3 + j. Let x(f) = f**3 - 8*f**2 + 9*f - 8. Is x(h) a prime number?
False
Let g(l) = -l**3 - 5*l**2 - 2*l - 1. Let d be g(-5). Suppose 0 = -f - 2*f + d, 11 = u - 4*f. Is u composite?
False
Let h(i) = 102*i**2 - 1. Is h(-2) composite?
True
Let b(j) = -j**3 + j + 127. Is b(0) composite?
False
Let q(b) = -b**2 - b. Let i be q(-3). Let l(z) = -2*z + 6. Let j be l(i). Is 60/j + (-1)/3 composite?
False
Suppose -4*p + p + 147 = 0. Let m = 35 + -25. Let a = p - m. Is a a prime number?
False
Let c(n) = n**2 + n - 8. Let k be c(10). Suppose o + k = 3*o. Is o a prime number?
False
Let x(z) = z**3 - 7*z**2 + 2*z - 6. Let f be x(7). Let r = -4 + f. Suppose -3*q + 3*b = -36 - 153, 0 = -5*q + r*b + 310. Is q a prime number?
False
Suppose 5*q - 78 = -2*c, -c + 45 + 0 = 4*q. Let d = 94 - c. Is d a composite number?
True
Let z(s) = -11*s - 4. Let r be z(-8). Suppose r = 4*f - f. Let p = f + -13. Is p prime?
False
Suppose 7*z - 2*z = 2215. Is z a prime number?
True
Let a(j) = j**2 - 6. Is a(5) composite?
False
Let j be (888/(-15))/((-3)/(-15)). Let y be j*(3 - (1 + 3)). Let m = y + -169. Is m composite?
False
Let v(q) = 2*q + 2*q**2 - 4 - 6*q - q - 4*q. Is v(7) a prime number?
True
Let x(l) = l - 4. Let m be x(9). Is m/(5/(-3)) - -24 a composite number?
True
Suppose 0 = -2*p - 5*t + 442, -4*t + 438 = -p + 3*p. Is p prime?
True
Let h = 1 - -2. Let t(m) = 3*m - 4. Let g be t(h). Suppose -3*i + 25 = d, 3*i + 16 = g*d - 163. Is d a prime number?
False
Suppose 0 = -w - 184 + 677. Is w a prime number?
False
Let a = -318 + 577. Is a prime?
False
Let t = 617 + -252. Is t a composite number?
True
Suppose f - 2*i + 134 = 0, 144 - 10 = -f + i. Let n = f - -187. Is n prime?
True
Let g(s) = 10*s**2 - 16*s - 3. Let a(p) = -5*p**2 + 8*p + 2. Let h(y) = 11*a(y) + 6*g(y). Is h(-7) prime?
False
Let i be 2/1*(-4)/8. Let s(r) = -23*r**3 - 2*r**2 - 2*r - 1. Is s(i) prime?
False
Suppose i + 16 = 5*i. Suppose -3*l + 63 = i*s, s - 2*l = -2*s + 43. Suppose -2*d + 15 = -s. Is d prime?
False
Let s = 14 + -7. Let h(o) = o**3 - 8*o**2 + 7*o - 7. Let z be h(s). Is (z/(-4))/(4/48) prime?
False
Let m(a) = a**2 + 7*a - 3. Let n be m(-8). Is (-14)/(n/((-145)/2)) a composite number?
True
Let x = -2768 + 4621. Is x composite?
True
Let k(q) = q**3 + 4*q**2 + 4*q - 1. Suppose d - 9 = 4*d. Let z be k(d). Is -2 + -1*6*z prime?
False
Let j(z) = -z**3 + 12*z**2 - 10*z - 11. Let c be j(11). Suppose c = -2*x - 0*x - 4, 3*l - 485 = x. Is l prime?
False
Let d = 6 + -3. Let b(v) = -v**2 - 3*v - 1. Let w be b(d). Let g = w + 40. Is g a composite number?
True
Suppose -v + 0*v = -29. Suppose 5*k - 4*x - 64 = 0, 5*x = -3*k + 61 + 7. Let l = v - k. Is l a composite number?
False
Let q(y) = y**2 - 9*y - 1. Let w be q(9). Let d = 14 + w. Is d a prime number?
True
Let i(g) = 4*g**2 - 18. Let l be i(8). Let w = -95 + l. Is w a composite number?
True
Suppose 5*c + 112 = 4*p - 677, -p + 216 = -5*c. Is p composite?
False
Let r = 8 - 3. Let l be (r - 6)/(1/(-3)). Suppose -4*h + 49 = 5*t, -l*h - 16 = h. Is t a prime number?
True
Let p(s) be the second derivative of s**4/4 + s**3/2 - s**2/2 + 13*s. Let r be ((-6)/4)/(6/(-16)). Is p(r) a prime number?
True
Let o be -2 - 10/(4 - 6). Suppose 342 = o*k - 1419. Is k composite?
False
Suppose 2*l + 787 = 3*l. Is l prime?
True
Suppose -4*g = 5*k + 29, -4*k - 6 - 13 = -g. Let x(a) = -24*a**3. Let y be x(2). Is 0 - g - y/2 a composite number?
False
Is 0 + (-6 + 3 - -152) prime?
True
Let j(n) = n**2 + 2*n. Let c be j(-1). Is 1674/4 - c/2 prime?
True
Suppose 0*y - 12014 = -2*y. Is y prime?
True
Let r(b) = -b**2 - 7*b + 5. Let i be r(-8). Let k(w) = -2*w**3 + 4*w**2 + 4. Is k(i) a prime number?
False
Let q = 7 - 2. Suppose 4 = q*m - 6. Is (m - 3)*83*-1 prime?
True
Let h(d) be the second derivative of -4/3*d**3 + 7/2*d**2 + 0 - 2*d. Is h(-5) a composite number?
False
Let m = -151 + 229. Suppose 2*t - m = -t. Suppose 4*h + t = 5*h. Is h prime?
False
Let w(s) = 3*s**2 + 7*s - 2. Let d be w(-5). Let p(c) = 5*c**2 + 3*c + 5. Let v be p(-4). Suppose 3*q - d = v. Is q prime?
True
Suppose 36 = 4*s + 4. Let u(q) = 4*q - 6. Let t be u(s). Is (-1)/3 - t/(-6) a prime number?
False
Suppose -h - 411 = -5*j - 75, -5*j + 3*h = -338. Is j a prime number?
True
Let i = 0 + 5. Suppose y = u - 54, 2*y = 2*u - i*u + 137. Is u prime?
False
Let j = 12 - 12. Suppose j*v - 2*v + 8 = 0, -410 = -2*k + 4*v. Is k a composite number?
True
Let y = 877 - -1026. Is y composite?
True
Let u(q) = -49*q**3 - 2*q**2 - 3*q - 2. Let b be u(-3). Suppose o + 3*o - 4*j - 1336 = 0, 4*o + 4*j - b = 0. Is o a prime number?
True
Let l = 529 + 262. Is l composite?
True
Suppose -8*z = -9*z + 2053. Is z composite?
False
Let o(f) = 4*f**2 + 11*f + 8. Let l = -10 + 14. Suppose 24 = -4*k - l. Is o(k) a composite number?
False
Suppose 0 = 3*n - 3*y + y + 27, 5*n + y + 45 = 0. Let h = 3 + n. Is (-1)/h - (-3363)/18 composite?
True
Is (-30516)/(-52) - 4/(-26) prime?
True
Let b = -1 + 1. Let i be (-14)/21 + (-4)/(-6). Suppose w + b*w - 127 = i. Is w prime?
True
Let q(z) = z - z + z**2 + 3 + 6*z. Let v be q(-4). Let c = v + 12. Is c composite?
False
Let q(h) = -h**2 - 11*h - 12. Let v(f) = -f**2 - 10*f - 13. Suppose 5*i + 2*u = -19, 0*i - 2*u - 7 = i. Let y(d) = i*v(d) + 4*q(d). Is y(-10) a prime number?
True
Suppose 0 = -4*b + 14 + 26. Let w be -41*-2*(-2)/(-4). Let u = w - b. Is u a prime number?
True
Let z(y) = -66*y**3 - 1. Let g be z(-1). Is 1/2 + g/2 a prime number?
False
Let t be (-35 - 0)*(-2 + -1). Let x = t - 16. Is x composite?
False
Is -1797*((-12)/54 + (-4)/9) composite?
True
Let s = 157 + -68. Suppose p = s + 72. Is p prime?
False
Suppose -x + z = -918, 0 = 3*z - 0 - 3. Is x composite?
False
Let p(z) = -55*z. Let r(g) be the first derivative of g**4/4 - 7*g**3/3 - 4*g**2 - g - 3. Let h be r(8). Is p(h) a composite number?
True
Suppose 5*m + 832 - 3947 = 0. Is m prime?
False
Suppose -2*o - o = 0. Let s = -6 - -9. Suppose -7*l + 19 = i - s*l, o = -2*l. Is i a prime number?
True
Let w = 2549 - 1294. Is w prime?
False
Let u be (-2)/(3/(-6)*4). Is (109 - 3)*u/2 a composite number?
False
Let o = -24 - -41. Let h = 8 - o. Is ((-6)/h)/(4/978) composite?
False
Let w(k) = 6*k**2 - 2*k + 11. Is w(-10) a composite number?
False
Let g(z) = z**3 + 12*z**2 - 3*z + 3. Is g(-11) composite?
False
Suppose q + 35112 = 4*l, -3*l + 3*q = -7*l + 35128. Is l prime?
True
Let r = 0 + 3. Suppose r*k - 746 = -89. Is k prime?
False
Let l(u) = -42*u**3 - u - 2. Is l(-3) prime?
False
Let t be 17/5 + (-4)/10. Let v be 3/(t*1/(-2)). Is ((-1)/3)/(v/114) a composite number?
False
Let u(j) = 2*j**2 + 2*j + 3 + 4 + 3*j + j. Is u(6) a composite number?
True
Let w be 10*5/(75/6). Suppose m + 18 - w = 0. Let z = -8 - m. Is z composite?
True
Let w = 6 - 3. Suppose 196 = w*o + 4*f, -5*o - 2 = 2*f - 324. Suppose 5*t - o = 51. Is t composite?
False
Let o be (-268)/(-12)*(4 + -1). Let q be 16/(-6)*3/(-2). Suppose -5*n + o = q*p, p = -2*p - n + 42. Is p a prime number?
True
Suppose -x + 75 + 104 = 0. Is x a composite number?
False
Let m(c) = 19*c - 4. Let w = 3 - -4. Is m(w) composite?
True
Suppose -u + c + 261 + 46 = 0, -5*u + 2*c = -1535. Is u a composite number?
False
Suppose 0 = -r + 4*k - 12, r - 23 = -2*k - 5. Is (-4995)/(-36) + 2/r composite?
False
Let p(a) = -41*a - 6. Let l be p(-6). Suppose -l - 92 = -2*x. Suppose -d + x = d. Is d prime?
True
Suppose -5*v + 2*s + 3284 = 0, -5*s = -0*v - v + 643. Suppose v = 3*c + 5*l, -3*c = -4*c + 4*l + 191. Is c prime?
True
Let r(d) = 4*d**2 + 4*d - 5*d**2 + 3*d**2 + 1. Is r(-3) prime?
True
Let h be (8/(-10))/(2/30). Let u(c) = -c**2 - 11*c + 14. Let r be u(h). Let y = 48 - r. Is y a composite number?
True
Is (-4)/(-14) + (-6882)/(-21) - -3 prime?
True
Let z(g) = -2*g**2 - 3 - 3*g + 3*g**2 + 4*g. Let b be z(-4). Suppose d + b = 23. Is d prime?
False
Let p(q) = 5*q**3 + 4*q**2 + 4*q + 7. Is p(4) composite?
True
Let s(g) be the first derivative of 57*g**2 - g - 6. Is s(3) a composite numbe